e 3.
-101
10 (base 4) to base 13
4
Convert -4f (base 16) to base 2.
-1001111
What is -1 (base 10) in base 9?
-1
Convert -35 (base 11) to base 13.
-2c
Convert -3 (base 13) to base 6.
-3
Convert 150 (base 6) to base 16.
42
Convert -7 (base 12) to base 15.
-7
101211 (base 3) to base 8
444
Convert -9b (base 12) to base 14.
-87
What is 13 (base 9) in base 15?
c
Convert 12 (base 12) to base 7.
20
Convert -2 (base 3) to base 4.
-2
-2 (base 6) to base 13
-2
What is -33 (base 4) in base 16?
-f
What is -4d (base 16) in base 2?
-1001101
What is 3 (base 9) in base 13?
3
0 (base 12) to base 5
0
What is -11 (base 2) in base 16?
-3
What is 2 (base 4) in base 13?
2
What is -34 (base 6) in base 8?
-26
0 (base 10) to base 7
0
1 (base 10) to base 9
1
Convert 5 (base 11) to base 3.
12
Convert -2c (base 14) to base 3.
-1111
-a (base 12) to base 13
-a
What is 15 (base 9) in base 4?
32
b9 (base 12) to base 2
10001101
311 (base 5) to base 7
144
-2 (base 10) to base 9
-2
Convert 12 (base 8) to base 3.
101
8 (base 11) to base 5
13
What is -204 (base 5) in base 14?
-3c
Convert -10 (base 2) to base 4.
-2
69 (base 13) to base 15
5c
Convert 30 (base 5) to base 13.
12
Convert 2011 (base 4) to base 16.
85
210 (base 6) to base 2
1001110
Convert -2 (base 10) to base 4.
-2
Convert 2 (base 9) to base 16.
2
Convert 320 (base 4) to base 15.
3b
Convert 303 (base 8) to base 7.
366
What is -2b (base 14) in base 11?
-36
-2 (base 16) to base 8
-2
13c (base 15) to base 10
282
What is -b (base 13) in base 12?
-b
Convert 37 (base 14) to base 12.
41
Convert -39 (base 10) to base 3.
-1110
-1 (base 8) to base 16
-1
What is 37 (base 13) in base 2?
101110
Convert 11102 (base 3) to base 16.
77
1 (base 5) to base 15
1
Convert 3 (base 16) to base 12.
3
What is 129 (base 10) in base 5?
1004
Convert -7 (base 13) to base 6.
-11
What is -11021 (base 3) in base 13?
-8b
4 (base 16) to base 6
4
-5 (base 6) to base 14
-5
What is -10 (base 8) in base 16?
-8
70 (base 9) to base 6
143
-111 (base 4) to base 8
-25
Convert -1 (base 4) to base 11.
-1
Convert 0 (base 7) to base 15.
0
Convert 2 (base 12) to base 8.
2
Convert 11 (base 3) to base 11.
4
What is 6 (base 10) in base 9?
6
110 (base 2) to base 8
6
-11 (base 15) to base 5
-31
8 (base 12) to base 7
11
Convert -1 (base 3) to base 5.
-1
Convert -4 (base 5) to base 6.
-4
Convert -4a (base 14) to base 3.
-2110
Convert -4 (base 16) to base 7.
-4
What is 238 (base 11) in base 6?
1151
What is -213 (base 4) in base 2?
-100111
Convert -172 (base 10) to base 11.
-147
What is -111 (base 3) in base 9?
-14
What is 3 (base 5) in base 7?
3
47 (base 8) to base 15
29
What is -11 (base 12) in base 10?
-13
Convert -32 (base 4) to base 15.
-e
-6 (base 10) to base 7
-6
48 (base 15) to base 8
104
What is 15 (base 15) in base 8?
24
What is 2 (base 9) in base 16?
2
151 (base 6) to base 3
2111
Convert 2 (base 13) to base 5.
2
What is 78 (base 13) in base 4?
1203
Convert -205 (base 13) to base 3.
-110201
What is 3 (base 6) in base 15?
3
What is -20 (base 8) in base 5?
-31
1 (base 4) to base 12
1
Convert 6 (base 13) to base 7.
6
Convert 2 (base 10) to base 16.
2
13 (base 4) to base 7
10
-1 (base 5) to base 2
-1
Convert 0 (base 2) to base 7.
0
Convert -2 (base 3) to base 7.
-2
What is 22 (base 11) in base 15?
19
What is -110 (base 7) in base 15?
-3b
What is 2 (base 10) in base 8?
2
-38 (base 15) to base 14
-3b
-264 (base 9) to base 2
-11011100
Convert -4 (base 6) to base 12.
-4
What is -5 (base 11) in base 9?
-5
Convert 19 (base 10) to base 16.
13
What is -10210 (base 3) in base 6?
-250
Convert -2 (base 13) to base 16.
-2
-1 (base 4) to base 9
-1
What is -39 (base 12) in base 16?
-2d
What is 4 (base 6) in base 2?
100
Convert 17 (base 8) to base 10.
15
Convert 20 (base 8) to base 16.
10
What is -6 (base 10) in base 13?
-6
-322 (base 4) to base 3
-2011
What is -2 (base 8) in base 9?
-2
-5 (base 14) to base 8
-5
What is 0 (base 13) in base 15?
0
What is -f (base 16) in base 3?
-120
-254 (base 9) to base 11
-182
Convert -c0 (base 15) to base 3.
-20200
What is 4 (base 11) in base 10?
4
-1 (base 5) to base 12
-1
Convert -3a (base 12) to base 8.
-56
What is -101011100 (base 2) in base 3?
-110220
What is 21 (base 6) in base 16?
d
What is 10 (base 7) in base 6?
11
What is 23 (base 9) in base 15?
16
What is -202 (base 5) in base 10?
-52
Convert 1 (base 15) to base 12.
1
What is -5 (base 13) in base 2?
-101
-413 (base 5) to base 2
-1101100
Convert 18 (base 14) to base 5.
42
Convert 2a (base 14) to base 4.
212
Convert -110 (base 2) to base 8.
-6
What is 135 (base 9) in base 7?
221
Convert -4a (base 13) to base 9.
-68
-14 (base 10) to base 9
-15
What is 5 (base 10) in base 13?
5
-1 (base 4) to base 16
-1
22 (base 6) to base 3
112
-4 (base 16) to base 5
-4
Convert 545 (base 6) to base 14.
10d
16 (base 7) to base 9
14
Convert 32 (base 15) to base 2.
101111
-13 (base 6) to base 5
-14
0 (base 9) to base 6
0
111 (base 3) to base 14
d
What is 0 (base 10) in base 6?
0
Convert -100100 (base 2) to base 16.
-24
Convert -10 (base 2) to base 14.
-2
What is -53 (base 13) in base 6?
-152
-5 (base 6) to base 13
-5
Convert -1 (base 2) to base 6.
-1
-210 (base 8) to base 13
-a6
a (base 12) to base 7
13
2 (base 7) to base 2
10
-13 (base 5) to base 16
-8
What is -2 (base 9) in base 7?
-2
1100 (base 6) to base 13
165
What is 1 (base 6) in base 5?
1
Convert 2313 (base 4) to base 8.
267
-c (base 16) to base 12
-10
What is -12 (base 11) in base 9?
-14
38 (base 14) to base 8
62
Convert -2 (base 3) to base 9.
-2
24 (base 9) to base 15
17
What is -29 (base 15) in base 14?
-2b
Convert 172 (base 10) to base 5.
1142
What is -202 (base 3) in base 11?
-19
What is 1 (base 11) in base 5?
1
Convert -4 (base 15) to base 5.
-4
What is -10111 (base 2) in base 13?
-1a
What is 0 (base 15) in base 6?
0
Convert 0 (base 9) to base 10.
0
-11 (base 10) to base 2
-1011
What is 23 (base 6) in base 14?
11
Convert -10 (base 5) to base 14.
-5
Convert -2f (base 16) to base 8.
-57
Convert 1 (base 3) to base 7.
1
What is 8 (base 13) in base 14?
8
-1 (base 5) to base 14
-1
Convert 3 (base 14) to base 10.
3
Convert -11 (base 6) to base 16.
-7
-101010 (base 2) to base 12
-36
Convert 4 (base 14) to base 10.
4
-4 (base 7) to base 11
-4
264 (base 11) to base 3
102120
Convert 5 (base 15) to base 2.
101
Convert -440 (base 7) to base 6.
-1012
What is 3 (base 11) in base 15?
3
-15 (base 16) to base 7
-30
What is -1112 (base 4) in base 2?
-1010110
What is -2 (base 8) in base 11?
-2
Convert 17 (base 8) to base 16.
f
110 (base 2) to base 5
11
Convert -26 (base 12) to base 5.
-110
1023 (base 7) to base 16
168
-101 (base 2) to base 13
-5
Convert 0 (base 5) to base 8.
0
Convert 53 (base 9) to base 3.
1210
What is 114 (base 7) in base 12?
50
-215 (base 7) to base 14
-7c
What is -11 (base 2) in base 14?
-3
Convert -12 (base 3) to base 6.
-5
What is -10 (base 11) in base 16?
-b
-13f (base 16) to base 6
-1251
-450 (base 6) to base 5
-1144
Convert -1 (base 15) to base 7.
-1
What is 3 (base 14) in base 10?
3
Convert 2 (base 6) to base 16.
2
What is 143 (base 5) in base 14?
36
What is -13 (base 5) in base 6?
-12
What is 12 (base 6) in base 13?
8
Convert 12 (base 11) to base 6.
21
200 (base 6) to base 15
4c
What is -4 (base 15) in base 13?
-4
9 (base 16) to base 10
9
What is 0 (base 10) in base 6?
0
53 (base 6) to base 13
27
What is -5 (base 7) in base 11?
-5
What is -82 (base 9) in base 14?
-54
5 (base 15) to base 9
5
Convert 9 (base 13) to base 11.
9
10 (base 13) to base 10
13
-43 (base 7) to base 9
-34
Convert -64 (base 7) to base 9.
-51
Convert 1 (base 6) to base 9.
1
Convert 2 (base 3) to base 11.
2
What is -3 (base 8) in base 4?
-3
What is -2 (base 15) in base 3?
-2
What is 0 (base 6) in base 7?
0
Convert -141 (base 8) to base 9.
-117
What is 212 (base 3) in base 8?
27
1 (base 12) to base 5
1
What is 10221 (base 3) in base 16?
6a
Convert -4 (base 16) to base 11.
-4
3 (base 8) to base 6
3
What is 5 (base 10) in base 15?
5
Convert 167 (base 14) to base 4.
10133
111111 (base 2) to base 14
47
Convert -1 (base 7) to base 6.
-1
Convert -a (base 14) to base 12.
-a
Convert -2 (base 12) to base 8.
-2
6 (base 10) to base 3
20
16 (base 10) to base 12
14
Convert -3 (base 16) to base 11.
-3
What is 3 (base 8) in base 10?
3
3 (base 10) to base 11
3
Convert 244 (base 7) to 